t w be s(-7). Suppose 3*k - 77 = w. Let u(f) = -2*f + 3. What is the remainder when k is divided by u(-5)?
10
Let x = -41 + 90. What is the remainder when x is divided by 32?
17
Suppose -5*w - 1 = -21. Suppose -4*v = -6*v - 22. Let o = w - v. What is the remainder when 59 is divided by o?
14
Let m = -11 - -25. Let h(y) = -7*y**2 - 3*y + 2. Let f be h(-3). Let a = f - -107. Calculate the remainder when a is divided by m.
13
Let d(q) = -7*q + 2. Let l be d(-5). Suppose 0 = 9*o - 4*o - 95. Let z = l - o. What is the remainder when 69 is divided by z?
15
Suppose -f - 73 = -5*h, -8*f + 5*f = -6. Let x(t) = 9*t**3 + 2*t - 2. What is the remainder when x(2) is divided by h?
14
Let n(d) = d + 5. Let f(g) = -g**3 + 37*g**2 - 33*g - 105. What is the remainder when n(0) is divided by f(36)?
2
Suppose -3*b - 2*i + 83 = 0, 9*b - 113 = 4*b + 3*i. Let v be 2/(-4) + 12/24. What is the remainder when b is divided by 30/5 + -1 + v + 4?
7
Let x(q) = 2*q**2 + 28*q - 128. What is the remainder when 222 is divided by x(4)?
14
Suppose -l + 11 = -0*l. Suppose -l = 3*c - 20. What is the remainder when 13 is divided by c?
1
Let w(b) = b + 2. Let p be w(-2). Suppose -2*c + 5*c - 33 = p. Suppose q = 1 - 0, 5*f + 3*q = 98. What is the remainder when f is divided by c?
8
Let v = -261 - -311. Calculate the remainder when v is divided by 13.
11
Suppose -84 = -d + 4*d. Let k = d + 6. Let r = 31 + k. Calculate the remainder when 44 is divided by r.
8
Suppose -2*d = 4*p - 6, p - 4*d + 0 = 6. Suppose -2*z = 4*n - 240, 0*n - p*z - 309 = -5*n. What is the remainder when n is divided by 17?
10
Let o(x) = 3*x**2 + 18*x - 23. Calculate the remainder when 196 is divided by o(-8).
21
What is the remainder when 109 is divided by 1 + ((-280)/25)/(6/(-15))?
22
Let h(d) = 15*d - 56. What is the remainder when h(23) is divided by 58?
57
Calculate the remainder when 1247 is divided by (-467)/(-9) + 31/279.
51
Calculate the remainder when 90 is divided by -12*((-22)/6 + (-3)/(-3)).
26
Suppose 2*v = -2*v + 8. Let q be ((-15)/4)/(6/(-16)). Suppose g + g - q = 0. What is the remainder when g is divided by v?
1
Let r(a) = a**2 + 1. Let n be r(-1). Let b = -65 - -68. What is the remainder when (-1 + n)*9/1 is divided by b?
0
What is the remainder when 3/(-21) - 9144/(-63) is divided by 18?
1
Suppose 0 = 85*u - 84*u - 86. What is the remainder when u is divided by 11?
9
Let b(d) = 2*d**2 - 13*d - 2. Let u be b(7). Calculate the remainder when 7 is divided by 22/u + 6/(-15).
3
Let n = 1089 - 991. Calculate the remainder when 385 is divided by n.
91
Let x(v) = 6*v**2 - 2*v - 2. Let k = -13 - -13. Suppose 9 = -i + 2*s - k, 0 = -4*s + 16. What is the remainder when 11 is divided by x(i)?
5
Suppose 0*x - 4*d + 5 = x, -5*x - 3*d + 25 = 0. Let j = x - 36. What is the remainder when (j/3)/(4/(-24)) is divided by 16?
14
Let m be ((-3)/12)/(2*2/(-496)). Suppose -m = 15*l - 16*l. What is the remainder when 92 is divided by l?
30
Suppose 4*b - 3*b = 373. Suppose 3*r + 103 = b. Calculate the remainder when r is divided by ((-2)/(-2))/(2/46).
21
Let f(a) = 2*a + 17. Let i be f(-7). Suppose -8*v = -i*v - 105. Let l(s) = 42*s - 1. Calculate the remainder when l(2) is divided by v.
20
Let l(x) = 20*x - 807. What is the remainder when l(46) is divided by 91?
22
Let d = -95 - -21. Let v = -55 - d. What is the remainder when v is divided by 8?
3
Let s(m) = -79*m - 75. What is the remainder when 1076 is divided by s(-2)?
80
Let k = -1560 - -1827. What is the remainder when k is divided by 30?
27
Let f(i) = i - 2. Let h be f(4). Suppose c + 76 = 5*p - 5, 3*p + 2*c - 46 = 0. What is the remainder when 0 + h*(-183)/(-6) is divided by p?
13
Suppose 0 = 4*r - 279 + 27. What is the remainder when r is divided by 22?
19
Let d = 26 - 8. Suppose 63 = 3*n + d. Suppose 4*o = o + 174. What is the remainder when o is divided by n?
13
What is the remainder when 61 is divided by 4/(-8) - 1/(10/(-225))?
17
Let x = 896 + -868. What is the remainder when (2 - 3/2)*166 is divided by x?
27
Let c(f) = -f + 11. Let u be c(7). Suppose u*q = -2*i + 2, -3*q + 8 = -7*q. Calculate the remainder when 23 is divided by i.
3
Let n(a) = 7*a**2 + 9*a + 47. Calculate the remainder when n(-4) is divided by 5.
3
Suppose -26 = r - 4*f - 97, -2*f = -r + 65. Let c = r - 3. What is the remainder when c is divided by 19?
18
Suppose 4*s - 45 = 3*c, 3*c = -c - 12. Let g(u) = -u**2 + 4*u + 2. Let o be g(4). Suppose o*j = -0*j + 52. What is the remainder when j is divided by s?
8
Let t(x) be the first derivative of -2*x + 25/3*x**3 + 2 + 0*x**2. What is the remainder when t(2) is divided by 33?
32
Suppose -4*y = -3*f - 8 - 3, 0 = -2*f + y + 1. What is the remainder when 33 is divided by f?
0
Calculate the remainder when 270 is divided by 2/(-32) + 3999/496.
6
Let a = -45 + -3. What is the remainder when 37 is divided by ((a/(-20))/3)/(1/25)?
17
Let g(s) be the third derivative of s**6/120 - 7*s**5/60 + s**4/8 + 3*s**3 + 2*s**2 + 6. Calculate the remainder when g(7) is divided by 7.
4
Let x(u) = -u**3 + 17*u**2 - 15*u - 18. Let i be x(16). Calculate the remainder when 36 is divided by (-14)/i + 4 + -1.
6
Let o(k) = 11*k**2 + 69*k + 373. Calculate the remainder when o(-6) is divided by 18.
13
Suppose 25*u + 13*u = 15*u + 1403. What is the remainder when u is divided by (-6)/(-27) + (-374)/(-18)?
19
Let z be -2 - -3*(-4)/(-3). Suppose 2*v + 566 = 2*t, 4*v - 1442 = -3*t - z*t. What is the remainder when t is divided by 41?
40
Let z be -25*-1*(3 - 2). Let u = z - -27. Calculate the remainder when u is divided by 27.
25
Let u(w) = -24*w**2 - 14*w - 26. Let k(f) = -13*f**2 - 7*f - 13. Let o(h) = 11*k(h) - 6*u(h). Let d = 10 + -6. What is the remainder when o(-6) is divided by d?
3
Let o = 1401 - 1388. What is the remainder when 125 is divided by o?
8
Let m = 357 + -272. Calculate the remainder when m is divided by 22.
19
Suppose -8 = -8*j + 6*j. Let k = 57 + -40. Calculate the remainder when k is divided by j.
1
Let u = 23 - 14. Let c = 9 + -3. What is the remainder when u is divided by c?
3
Suppose -6*w = -8*w. Suppose 3*b - 5*j - 116 - 23 = w, -b - 4*j = -52. Calculate the remainder when b is divided by 26.
22
Suppose -81 = -5*q + 34. Calculate the remainder when 74 is divided by q.
5
Let w(d) = -d**3 - 15*d**2 + 18*d + 33. Suppose 0 = 14*k - 23 - 33. What is the remainder when k is divided by w(-16)?
0
Let b(z) = 3*z. Let x be b(1). Suppose x*w + 18 = 4*o, 5*w - 10 = -o - 40. Let v = 35 + w. What is the remainder when v is divided by 16?
13
Suppose 5*r - 25 = 2*f, 3*r = r + 4*f + 26. Suppose 0 = r*x - 25 - 11. Calculate the remainder when 61 is divided by 4/((-33)/x + 3).
13
Let u(q) = 17*q**2 - 1. What is the remainder when ((-14)/21)/((-267)/261 - -1) is divided by u(-1)?
13
Let x = 43 - -3. Let v = 2 - -1. Suppose v*z - x = -13. What is the remainder when 31 is divided by z?
9
Let t(y) be the second derivative of -y**4/12 - 3*y**3/2 + 9*y**2/2 - 5*y. What is the remainder when 112 is divided by t(-7)?
20
Let a be ((-126)/(-70))/((-6)/(-20)). Let d(r) = r**3 - 5*r**2 - 4*r - 6. Let s be d(a). Calculate the remainder when 43 is divided by (-355)/(-15) - 4/s.
20
Let f(x) = 49*x + 2. Suppose 5*v = -l - 9, 3*l + 3 = -2*l - 4*v. Let a = 14 + -1. Calculate the remainder when f(l) is divided by a.
12
Suppose 1050*b - 518 = 1036*b. What is the remainder when 182 is divided by b?
34
Let r = 17 - 15. Suppose 2*g - r*j = 3*g - 6, -2*g - 2*j = -6. Suppose 0 = -4*l - g*l + 152. Calculate the remainder when l is divided by 10.
8
Let v(o) = -o**3 - 5*o**2 - 9*o + 8. Suppose a + 0*a - 50 = 0. Calculate the remainder when a is divided by v(-3).
16
Suppose -q - 2*a + 9 + 0 = 0, 2*q - 5*a = -9. Let y(j) = -j**3 + 6*j**2 + j + 1. What is the remainder when 59 is divided by y(q)?
28
Let n be (-4 - -4)/(2/2). Suppose 0 = -3*b - 12, b = -5*w - n*w + 71. Let r = w - 2. Calculate the remainder when 38 is divided by r.
12
Let r(n) = n**3 + 5*n**2 + 3*n - 2. Calculate the remainder when (261/435)/(2/40) is divided by r(-3).
5
Let w(a) be the second derivative of a**3/3 - 9*a**2/2 + 7*a. What is the remainder when w(14) is divided by 10?
9
Suppose -3*q + 30 = -0*q. Let f(y) = 7*y**2 + 45*y - 93. What is the remainder when f(2) is divided by q?
5
Suppose -7*u + 5*u = -4. Suppose 3*f + 82 